{"id":122,"date":"2023-06-12T17:53:27","date_gmt":"2023-06-12T17:53:27","guid":{"rendered":"https:\/\/esfadev.com\/?post_type=mp-event&#038;p=122"},"modified":"2023-06-26T05:19:11","modified_gmt":"2023-06-26T05:19:11","slug":"oscar-novoa","status":"publish","type":"mp-event","link":"https:\/\/esfadev.com\/index.php\/timetable\/event\/oscar-novoa\/","title":{"rendered":"Oscar Navoa"},"content":{"rendered":"\n<figure class=\"wp-block-image aligncenter size-full is-resized\"><img decoding=\"async\" loading=\"lazy\" src=\"https:\/\/esfadev.com\/wp-content\/uploads\/2023\/06\/oscar_navoa.jpg\" alt=\"\" class=\"wp-image-243\" width=\"192\" height=\"256\" srcset=\"https:\/\/esfadev.com\/wp-content\/uploads\/2023\/06\/oscar_navoa.jpg 768w, https:\/\/esfadev.com\/wp-content\/uploads\/2023\/06\/oscar_navoa-600x800.jpg 600w, https:\/\/esfadev.com\/wp-content\/uploads\/2023\/06\/oscar_navoa-225x300.jpg 225w\" sizes=\"(max-width: 192px) 100vw, 192px\" \/><\/figure>\n\n\n\n<p class=\"has-text-align-center\">Fot\u00f3grafo y Director de Producciones &nbsp;<br>&nbsp;<\/p>\n\n\n\n<p>Interesado por las artes visuales desde muy joven cautivado por las pel\u00edculas de ciencia ficci\u00f3n de anta\u00f1o, creo su primer cortometraje a la corta edad de 11 a\u00f1os, actualmente dedicado a la fotograf\u00eda profesional y a la producci\u00f3n audiovisual, los cortometrajes que m\u00e1s destacan son: \u201cNavi-date&#8221;, \u201cEl Sue\u00f1o de Javi\u201d, \u201cLa cita\u201d, \u201cCoraz\u00f3n\u201d, entre otros.&nbsp;<\/p>\n","protected":false},"excerpt":{"rendered":"<p>Fot\u00f3grafo y Director de Producciones &nbsp;&nbsp; Interesado por las artes visuales desde muy joven cautivado por las pel\u00edculas de ciencia ficci\u00f3n de anta\u00f1o, creo su primer cortometraje a la corta edad de 11 a\u00f1os, actualmente dedicado a la fotograf\u00eda profesional y a la producci\u00f3n audiovisual, los cortometrajes que m\u00e1s destacan son: \u201cNavi-date&#8221;, \u201cEl Sue\u00f1o de &hellip;<\/p>\n<p class=\"read-more\"> <a class=\"\" href=\"https:\/\/esfadev.com\/index.php\/timetable\/event\/oscar-novoa\/\"> <span class=\"screen-reader-text\">Oscar Navoa<\/span> Leer m\u00e1s &raquo;<\/a><\/p>\n","protected":false},"author":15,"featured_media":0,"menu_order":0,"comment_status":"open","ping_status":"closed","template":"","meta":{"site-sidebar-layout":"default","site-content-layout":"default","ast-global-header-display":"","ast-banner-title-visibility":"","ast-main-header-display":"","ast-hfb-above-header-display":"","ast-hfb-below-header-display":"","ast-hfb-mobile-header-display":"","site-post-title":"","ast-breadcrumbs-content":"","ast-featured-img":"","footer-sml-layout":"","theme-transparent-header-meta":"","adv-header-id-meta":"","stick-header-meta":"","header-above-stick-meta":"","header-main-stick-meta":"","header-below-stick-meta":""},"mp-event_category":[25],"mp-event_tag":[30],"_links":{"self":[{"href":"https:\/\/esfadev.com\/index.php\/wp-json\/wp\/v2\/mp-event\/122"}],"collection":[{"href":"https:\/\/esfadev.com\/index.php\/wp-json\/wp\/v2\/mp-event"}],"about":[{"href":"https:\/\/esfadev.com\/index.php\/wp-json\/wp\/v2\/types\/mp-event"}],"author":[{"embeddable":true,"href":"https:\/\/esfadev.com\/index.php\/wp-json\/wp\/v2\/users\/15"}],"replies":[{"embeddable":true,"href":"https:\/\/esfadev.com\/index.php\/wp-json\/wp\/v2\/comments?post=122"}],"wp:attachment":[{"href":"https:\/\/esfadev.com\/index.php\/wp-json\/wp\/v2\/media?parent=122"}],"wp:term":[{"taxonomy":"mp-event_category","embeddable":true,"href":"https:\/\/esfadev.com\/index.php\/wp-json\/wp\/v2\/mp-event_category?post=122"},{"taxonomy":"mp-event_tag","embeddable":true,"href":"https:\/\/esfadev.com\/index.php\/wp-json\/wp\/v2\/mp-event_tag?post=122"}],"curies":[{"name":"wp","href":"https:\/\/api.w.org\/{rel}","templated":true}]}}

<figure class="wp-block-image aligncenter size-full is-resized"><img decoding="async" loading="lazy" src="https://esfadev.com/wp-content/uploads/2023/06/oscar_navoa.jpg" alt="" class="wp-image-243" width="192" height="256" srcset="https://esfadev.com/wp-content/uploads/2023/06/oscar_navoa.jpg 768w, https://esfadev.com/wp-content/uploads/2023/06/oscar_navoa-600x800.jpg 600w, https://esfadev.com/wp-content/uploads/2023/06/oscar_navoa-225x300.jpg 225w" sizes="(max-width: 192px) 100vw, 192px" /></figure>



<p class="has-text-align-center">Fotógrafo y Director de Producciones &nbsp;<br>&nbsp;</p>



<p>Interesado por las artes visuales desde muy joven cautivado por las películas de ciencia ficción de antaño, creo su primer cortometraje a la corta edad de 11 años, actualmente dedicado a la fotografía profesional y a la producción audiovisual, los cortometrajes que más destacan son: “Navi-date&#8221;, “El Sueño de Javi”, “La cita”, “Corazón”, entre otros.&nbsp;</p>

<p>Fotógrafo y Director de Producciones &nbsp;&nbsp; Interesado por las artes visuales desde muy joven cautivado por las películas de ciencia ficción de antaño, creo su primer cortometraje a la corta edad de 11 años, actualmente dedicado a la fotografía profesional y a la producción audiovisual, los cortometrajes que más destacan son: “Navi-date&#8221;, “El Sueño de &hellip;</p>
<p class="read-more"> <a class="" href="https://esfadev.com/index.php/timetable/event/oscar-novoa/"> <span class="screen-reader-text">Oscar Navoa</span> Leer más &raquo;</a></p>
